47
What is the remainder when 116775 is divided by 1478?
13
What is the remainder when 33622561 is divided by 31?
23
What is the remainder when 17055 is divided by 2509?
2001
What is the remainder when 5918543 is divided by 11696?
367
Calculate the remainder when 2428399 is divided by 8041.
17
What is the remainder when 34674 is divided by 3124?
310
What is the remainder when 10175933 is divided by 1453699?
40
What is the remainder when 135025 is divided by 1275?
1150
Calculate the remainder when 49385847 is divided by 47.
33
What is the remainder when 3367599 is divided by 148?
7
What is the remainder when 27708 is divided by 924?
912
Calculate the remainder when 370607 is divided by 13723.
86
What is the remainder when 20368 is divided by 2503?
344
Calculate the remainder when 4788980 is divided by 367.
364
Calculate the remainder when 350370 is divided by 6737.
46
Calculate the remainder when 1498575 is divided by 5870.
1725
What is the remainder when 271882 is divided by 67966?
18
Calculate the remainder when 1209788 is divided by 21603.
20
Calculate the remainder when 456025 is divided by 227840.
345
What is the remainder when 147328 is divided by 5022?
1690
Calculate the remainder when 331767583 is divided by 82941888.
31
What is the remainder when 1653003 is divided by 498?
141
What is the remainder when 2438904 is divided by 8049?
57
Calculate the remainder when 204811 is divided by 40953.
46
Calculate the remainder when 22016148 is divided by 50.
48
Calculate the remainder when 496440 is divided by 33054.
630
Calculate the remainder when 17899724 is divided by 3611.
3608
What is the remainder when 3363803 is divided by 1681895?
13
What is the remainder when 2900068 is divided by 14?
10
Calculate the remainder when 368741 is divided by 368685.
56
Calculate the remainder when 208480112 is divided by 15571.
15564
What is the remainder when 207928 is divided by 5471?
30
What is the remainder when 707655 is divided by 235884?
3
Calculate the remainder when 11005048 is divided by 28218.
28
What is the remainder when 85055997 is divided by 250?
247
Calculate the remainder when 1727376 is divided by 764.
736
Calculate the remainder when 48555 is divided by 12067.
287
Calculate the remainder when 15546633 is divided by 2261.
2258
Calculate the remainder when 18932969 is divided by 1262196.
29
What is the remainder when 26719 is divided by 26091?
628
Calculate the remainder when 12306206 is divided by 1319.
1255
What is the remainder when 3160487 is divided by 97?
33
Calculate the remainder when 69722693 is divided by 595.
593
What is the remainder when 163133 is divided by 1418?
63
What is the remainder when 1009832 is divided by 336547?
191
Calculate the remainder when 1478147 is divided by 184768.
3
Calculate the remainder when 656996 is divided by 2297.
54
What is the remainder when 106069 is divided by 221?
210
Calculate the remainder when 5534964 is divided by 240650.
14
Calculate the remainder when 81195260 is divided by 38868.
8
What is the remainder when 2542951 is divided by 254294?
11
What is the remainder when 910657 is divided by 451610?
7437
What is the remainder when 4949 is divided by 357?
308
Calculate the remainder when 189773 is divided by 26709.
2810
What is the remainder when 27327 is divided by 13641?
45
What is the remainder when 1980 is divided by 408?
348
What is the remainder when 52559505 is divided by 82?
47
Calculate the remainder when 4317640 is divided by 107941.
0
What is the remainder when 2054144 is divided by 11671?
48
Calculate the remainder when 833648 is divided by 279.
275
What is the remainder when 2295878 is divided by 9?
5
What is the remainder when 413865 is divided by 613?
90
Calculate the remainder when 242770876 is divided by 3231.
3229
Calculate the remainder when 16213735 is divided by 88.
87
What is the remainder when 100889705 is divided by 101?
98
Calculate the remainder when 10336770 is divided by 5168275.
220
Calculate the remainder when 17867530 is divided by 258.
256
Calculate the remainder when 3648053 is divided by 1824017.
19
Calculate the remainder when 396300 is divided by 98988.
348
Calculate the remainder when 831640 is divided by 112.
40
What is the remainder when 160118936 is divided by 561?
560
What is the remainder when 421663 is divided by 4631?
242
What is the remainder when 466460 is divided by 39?
20
Calculate the remainder when 2023627 is divided by 1473.
1198
Calculate the remainder when 1575123 is divided by 9211.
42
Calculate the remainder when 22287176 is divided by 30.
26
Calculate the remainder when 1242306 is divided by 10618.
0
What is the remainder when 2631438 is divided by 877141?
15
What is the remainder when 184337 is divided by 126?
125
What is the remainder when 51044 is divided by 2244?
1676
What is the remainder when 11152974 is divided by 2788235?
34
What is the remainder when 43379 is divided by 3332?
63
What is the remainder when 30330966 is divided by 126?
120
What is the remainder when 4911276 is divided by 335?
176
What is the remainder when 1446794 is divided by 289325?
169
What is the remainder when 300813086 is divided by 20?
6
What is the remainder when 20972 is divided by 10114?
744
What is the remainder when 45386985 is divided by 5673373?
1
What is the remainder when 549311 is divided by 183096?
23
What is the remainder when 9483898 is divided by 140?
18
Calculate the remainder when 3323079 is divided by 474687.
270
Calculate the remainder when 552059994 is divided by 360.
354
Calculate the remainder when 3202875 is divided by 8541.
0
What is the remainder when 5050003 is divided by 96?
19
What is the remainder when 5134240 is divided by 1880?
1840
Calculate the remainder when 3470709 is divided by 1019.
1014
Calculate the remainder when 47255383 is divided by 4.
3
What is the remainder when 4127515 is divided by 991?
0
What is the remainder when 881639 is divided by 1249?
1094
What is the remainder when 885921 is divided by 421?
137
What is the remainder when 105105 is divided by 867?
198
What is the remainder when 8303836 is divided by 36?
4
What is the remainder when 452238 is divided by 3565?
3048
What is the remainder when 671500 is divided by 1335?
1330
Calculate the remainder when 207352 is divided by 4139.
402
What is the remainder when 2607001 is divided by 289666?
7
Calculate the remainder when 1197214 is divided by 17273.
5377
What is the remainder when 343448 is divided by 624?
248
Calculate the remainder when 36100 is divided by 35858.
242
Calculate the remainder when 177420 is divided by 70.
40
Calculate the remainder when 233817498 is divided by 6034.
6032
Calculate the remainder when 24873964 is divided by 305.
299
What is the remainder when 1433727 is divided by 5?
2
What is the remainder when 413919 is divided by 205794?
2331
What is the remainder when 50773017 is divided by 5867?
5866
Calculate the remainder when 935434 is divided by 1576.
866
What is the remainder when 18274615 is divided by 513?
16
Calculate the remainder when 102117 is divided by 1782.
543
Calculate the remainder when 104591 is divided by 7029.
6185
What is the remainder when 323206 is divided by 185?
11
Calculate the remainder when 5053116 is divided by 1183.
523
Calculate the remainder when 1888350 is divided by 28.
2
Calculate the remainder when 1244348 is divided by 13380.
8
What is the remainder when 1179964 is divided by 361?
216
Calculate the remainder when 2701815 is divided by 3390.
3375
Calculate the remainder when 9575898 is divided by 32351.
2
What is the remainder when 2490 is divided by 1684?
806
What is the remainder when 676811477 is divided by 36?
29
What is the remainder when 3460605 is divided by 32?
29
What is the remainder when 503817 is divided by 71947?
188
Calculate the remainder when 169751 is divided by 66.
65
Calculate the remainder when 3328006 is divided by 416000.
6
Calculate the remainder when 129071 is divided by 42447.
1730
Calculate the remainder when 2476314 is divided by 55029.
9
Calculate the remainder when 277795 is divided by 39628.
399
What is the remainder when 4683530 is divided by 506?
500
Calculate the remainder when 26064 is divided by 25796.
268
Calculate the remainder when 56226 is divided by 7017.
90
What